tiple of 34?
False
Is 419 a factor of 1562701?
False
Is 253151 a multiple of 2?
False
Is 364886 a multiple of 598?
False
Does 405 divide 15316695?
True
Is 45942 a multiple of 93?
True
Is 28 a factor of 18375?
False
Is 20903264 a multiple of 582?
False
Is 850124 a multiple of 44?
True
Is 28 a factor of 2991912?
True
Is 33456 a multiple of 48?
True
Does 11 divide 274083?
False
Is 21 a factor of 3259725?
True
Is 17 a factor of 22389?
True
Is 181 a factor of 1324840?
False
Is 40080 a multiple of 30?
True
Is 720874 a multiple of 7?
True
Does 416 divide 605253?
False
Is 45702 a multiple of 12?
False
Is 377 a factor of 132248?
False
Does 14 divide 1235192?
True
Does 245 divide 3156335?
True
Is 76911 a multiple of 33?
False
Is 2816896 a multiple of 59?
True
Is 79112 a multiple of 638?
True
Is 34 a factor of 2860828?
True
Does 29 divide 571329?
True
Is 105672 a multiple of 2?
True
Does 73 divide 1422?
False
Does 79 divide 1539510?
False
Does 56 divide 2959544?
True
Does 8 divide 15470?
False
Is 694267 a multiple of 7?
True
Does 374 divide 364085?
False
Is 9311100 a multiple of 15?
True
Is 9680 a multiple of 55?
True
Does 4 divide 280232?
True
Is 14 a factor of 330671?
False
Does 34 divide 65519?
False
Is 7906849 a multiple of 941?
False
Is 205 a factor of 1345005?
True
Does 119 divide 75208?
True
Does 137 divide 129739?
True
Is 97273 a multiple of 11?
True
Does 36 divide 4132656?
True
Does 757 divide 2452349?
False
Is 6693752 a multiple of 56?
False
Is 276315 a multiple of 507?
True
Is 1173503 even?
False
Is 443808 a multiple of 67?
True
Is 19 a factor of 96611?
False
Is 17 a factor of 210851?
True
Is 12 a factor of 18144?
True
Is 250705 a multiple of 377?
True
Is 500780 a multiple of 98?
True
Is 679 a factor of 522830?
True
Is 144781 a multiple of 559?
True
Does 15 divide 3475230?
True
Does 794 divide 1734890?
True
Is 88816 a multiple of 244?
True
Is 15 a factor of 29387?
False
Does 50 divide 26050?
True
Does 587 divide 468795?
False
Is 5 a factor of 168691?
False
Is 2176 a multiple of 68?
True
Is 10382 a multiple of 40?
False
Is 67545 a multiple of 15?
True
Is 800190 a multiple of 52?
False
Is 254148 a multiple of 14?
False
Is 3261910 a multiple of 158?
True
Is 188 a factor of 308696?
True
Does 243 divide 13812363?
True
Is 8734589 a multiple of 18?
False
Does 24 divide 689803?
False
Does 675 divide 198450?
True
Is 9 a factor of 4482621?
True
Is 143 a factor of 3445092?
False
Does 23 divide 2200479?
True
Is 17864 a multiple of 116?
True
Does 452 divide 2927528?
False
Is 26055320 a multiple of 508?
True
Does 56 divide 186723?
False
Does 373 divide 3869480?
False
Is 7 a factor of 204467?
False
Does 24 divide 340032?
True
Does 179 divide 474887?
True
Does 2 divide 20990?
True
Does 36 divide 1450121?
False
Is 210320 a multiple of 478?
True
Is 2150165 a multiple of 8?
False
Is 122 a factor of 3538488?
True
Is 6520248 a multiple of 952?
True
Does 5 divide 602455?
True
Is 64 a factor of 977434?
False
Is 350472 a multiple of 408?
True
Does 11 divide 25018?
False
Is 3 a factor of 35732?
False
Is 241 a factor of 208947?
True
Is 68799 a multiple of 17?
True
Is 18700118 a multiple of 367?
True
Does 8 divide 641640?
True
Is 349774 a multiple of 131?
False
Does 421 divide 22411?
False
Is 3327550 a multiple of 122?
True
Is 118 a factor of 2187012?
True
Does 798 divide 2712204?
False
Is 94125 a multiple of 32?
False
Does 80 divide 90003?
False
Is 4 a factor of 157827?
False
Does 86 divide 184986?
True
Is 55664 a multiple of 7?
True
Is 73 a factor of 1831126?
False
Is 113223 a multiple of 73?
True
Is 1380544 a multiple of 7?
False
Does 682 divide 568106?
True
Is 438870 a multiple of 28?
False
Is 27180 a multiple of 90?
True
Is 2554419 a multiple of 147?
True
Is 561 a factor of 52173?
True
Does 14 divide 1392216?
True
Is 1517724 a multiple of 9?
True
Does 87 divide 616308?
True
Does 5 divide 65212?
False
Is 6 a factor of 64992?
True
Is 72 a factor of 23184?
True
Does 3 divide 349378?
False
Does 85 divide 144160?
True
Is 196 a factor of 318470?
False
Is 1485807 a multiple of 174?
False
Is 273319 a multiple of 306?
False
Is 4920 a multiple of 41?
True
Does 21 divide 18659120?
False
Does 48 divide 43728?
True
Is 27256 a multiple of 4?
True
Does 6 divide 689088?
True
Is 4008831 a multiple of 23?
True
Does 50 divide 876850?
True
Is 19 a factor of 3520852?
True
Is 10 a factor of 78120?
True
Is 2274 a factor of 18484664?
False
Is 143 a factor of 213489?
False
Is 14 a factor of 7448888?
False
Is 3676629 a multiple of 14?
False
Is 430 a factor of 1407747?
False
Is 18 a factor of 55968?
False
Is 1696080 a multiple of 80?
True
Is 18021 a multiple of 5?
False
Does 227 divide 1244676?
False
Is 58996 a multiple of 241?
False
Is 13 a factor of 84259?
False
Is 24 a factor of 156403?
False
Does 541 divide 322436?
True
Is 224594 a multiple of 23?
False
Is 842712 a multiple of 39?
True
Is 250 a factor of 163567?
False
Is 935574 a multiple of 739?
True
Is 1787560 a multiple of 92?
True
Is 1808114 a multiple of 154?
True
Is 1328 even?
True
Is 600021 a multiple of 193?
False
Does 15 divide 310715?
False
Does 22 divide 3106994?
True
Is 6139475 a multiple of 241?
True
Is 11 a factor of 225929?
True
Does 13 divide 7306?
True
Is 13 a factor of 17004020?
False
Is 29 a factor of 374303?
True
Is 65244 a multiple of 4?
True
Does 126 divide 776412?
True
Is 7417656 a multiple of 21?
False
Does 144 divide 368864?
False
Does 8 divide 21016?
True
Is 63 a factor of 163800?
True
Is 1002 a factor of 10162284?
True
Is 393 a factor of 54979?
False
Does 8 divide 76416?
True
Is 127808 a multiple of 32?
True
Is 201192 a multiple of 24?
True
Does 10 divide 49623?
False
Is 14 a factor of 57840?
False
Is 21 a factor of 2178456?
True
Does 11 divide 397364?
True
Is 23 a factor of 3174?
True
Does 341 divide 39897?
True
Does 31 divide 54281?
True
Is 104736 a multiple of 48?
True
Is 434831 a multiple of 50?
False
Is 904033 a multiple of 184?
False
Does 4 divide 1531266?
False
Does 97 divide 3919?
False
Is 13 a factor of 399087?
True
Is 162 a factor of 214326?
True
Is 300476 a multiple of 39?
False
Is 104 a factor of 153212?
False
Is 9196637 a multiple of 1188?
False
Does 126 divide 104202?
True
Is 9 a factor of 18828?
True
Does 67 divide 4126597?
True
Does 1403 divide 4054842?
False
Is 13 a factor of 707148?
True
Is 483 a factor of 1413304?
False
Is 367 a factor of 3506318?
True
Is 2101216 a multiple of 13?
True
Is 2194167 a multiple of 47?
False
Is 146614 a multiple of 13?
True
Is 1655754 a multiple of 10?
False
Is 227816 a multiple of 181?
False
Is 161 a factor of 713953?
False
Does 13 divide 69667?
True
Is 6 a factor of 19278?
True
Is 58 a factor of 536558?
True
Is 7 a factor of 290605?
True
Does 498 divide 4328478?
False
Is 40577 a multiple of 145?
False
Is 3830498 a multiple of 727?
False
Is 106797 a multiple of 30?
False
Does 421 divide 5477631?
True
Is 1551051 a multiple of 381?
True
Does 16 divide 431133?
False
Is 1522 a factor of 3826308?
True
Is 61132 a multiple of 62?
True
Is 230352 a multiple of 16?
True
Is 91 a factor of 485928?
False
Is 488 a factor of 3416?
True
Is 354 a factor of 3187416?
True
Does 87 divide 329111?
False
Is 23649 a multiple of 33?
False
Is 8400132 a multiple of 403?
True
Is 41 a factor of 83751?
False
Is 32 a factor of 25822?
False
Is 41720 a multiple of 4?
True
Is 102562 a multiple of 264?
False
Is 11 a factor of 3719824?
False
Is 146083 a multiple of 7?
True
Is 316 a factor of 1981952?
True
Is 132 a factor of 23110692?
True
Is 92 a factor of 7891?
False
Is 3 a factor of 4310541?
True
Does 12 divide 454764?
True
Is 18 a factor of 493344?
True
Is 10954512 a multiple of 254?
True
Is 570 a factor of 327180?
True
Is 2384345 a multiple of 239?
False
Is 194 a factor of 10831020?
True
Does 10 divide 221420?
True
Is 65 a factor of 182390?
True
Is 280146 even?
True
Does 549 divide 135103?
False
Is 89119 a multiple of 177?
False
Is 10015380 a multiple of 12?
True
Is 8946 a multiple of 9?
True
Does 55 divide 176495?
True
Does 16 divide 897804?
False
Is 9312 a multiple of 3?
True
Does 13 divide 882796?
False
Is 93 a factor of 195584?
False
Is 35679 a multiple of 71?
False
Does 263 divide 31823?
True
Is 66 a factor of 801372?
True
Does 699 divide 150285?
True
Does 308 divide 683760?
True
Does